 prime number?
False
Is 32324584697 a composite number?
False
Is 30520035197 a prime number?
False
Is 13148679719 composite?
True
Is 10383603941 a prime number?
True
Is 13466348218 prime?
False
Is 531648512867 composite?
False
Is 48995134387 composite?
False
Is 827948761 composite?
False
Is 451283407 a composite number?
False
Is 244315943 a prime number?
True
Is 22543426639 prime?
True
Is 326552087 a composite number?
True
Is 3448799063 prime?
True
Is 2220971567 prime?
False
Is 24230389721 a composite number?
False
Is 44447749057 a composite number?
True
Is 4328444729 a composite number?
True
Is 1800496757 a prime number?
True
Is 914455151 a prime number?
False
Is 9780778999 prime?
True
Is 1768060691 prime?
True
Is 8386487509 composite?
False
Is 8392677673 a prime number?
True
Is 7798521917 prime?
True
Is 12745984993 prime?
False
Is 2235256819 a composite number?
True
Is 4186286761 composite?
False
Is 12262659287 composite?
True
Is 8641322603 a composite number?
False
Is 12322655951 a composite number?
True
Is 1558739251 prime?
False
Is 7227516217 prime?
True
Is 7118165063 a prime number?
True
Is 2226327473 prime?
True
Is 2124545693 a prime number?
True
Is 2550920213 a prime number?
True
Is 10990544261 prime?
True
Is 50282865733 a composite number?
False
Is 4295285717 a prime number?
True
Is 243182963 a prime number?
False
Is 30535152451 a prime number?
True
Is 334947749 a composite number?
False
Is 1664407319 prime?
False
Is 90935099 composite?
False
Is 236529330043 a prime number?
False
Is 281807363 a composite number?
True
Is 7001519771 a prime number?
True
Is 305379989 composite?
True
Is 1359312657 composite?
True
Is 259778749 a composite number?
True
Is 12097338349 a composite number?
False
Is 1577609323 a composite number?
False
Is 115596643 prime?
False
Is 3962619949 a prime number?
True
Is 368194807 composite?
True
Is 306240929 a composite number?
True
Is 20579791169 a prime number?
False
Is 4340794981 a prime number?
True
Is 7528293811 a prime number?
True
Is 1821162935 prime?
False
Is 6696141393 composite?
True
Is 701205161 a prime number?
True
Is 598650287 prime?
False
Is 138405942553 a composite number?
False
Is 875989963 composite?
True
Is 6699008231 a prime number?
True
Is 208949783587 composite?
True
Is 91350617 prime?
False
Is 2330206621 prime?
False
Is 5200314137 prime?
True
Is 47370768199 a composite number?
False
Is 13006325517 composite?
True
Is 574628689 a composite number?
False
Is 1850013091 a composite number?
False
Is 6159672361 a composite number?
False
Is 136154788741 a prime number?
True
Is 24890951 a composite number?
False
Is 242161782847 prime?
True
Is 116721877 a composite number?
True
Is 528871097 composite?
False
Is 8372170369 a composite number?
False
Is 708064673 composite?
False
Is 546237437 a prime number?
True
Is 3294402574 prime?
False
Is 3675593891 a prime number?
True
Is 25769329 composite?
False
Is 2920098317 composite?
False
Is 147608507 composite?
True
Is 196118873 a composite number?
True
Is 4375784051 a prime number?
False
Is 1961794091 a composite number?
False
Is 86025691 prime?
True
Is 36667906511 composite?
False
Is 2811337423 a prime number?
False
Is 404781031 a composite number?
True
Is 509682539 a prime number?
True
Is 5307622141 a composite number?
False
Is 536938237 a composite number?
True
Is 13407163357 a prime number?
False
Is 107329008277 a composite number?
False
Is 39351899087 a prime number?
True
Is 4090275841 a composite number?
False
Is 3212089039 composite?
True
Is 1357084081 composite?
True
Is 1043991533 a composite number?
True
Is 8992760657 composite?
True
Is 68982115649 composite?
True
Is 1967941307 composite?
True
Is 22596853291 a prime number?
True
Is 156424921 a prime number?
False
Is 10439176119 prime?
False
Is 19714317349 a composite number?
False
Is 186522148337 composite?
True
Is 14114780129 a prime number?
False
Is 35179997 a composite number?
False
Is 52487055521 composite?
True
Is 48947951 a composite number?
True
Is 674021209 a prime number?
True
Is 2521433039 a composite number?
True
Is 6358285111 prime?
True
Is 52897913437 prime?
True
Is 3773340607 a composite number?
True
Is 60690290567 composite?
False
Is 8760690097 a composite number?
True
Is 62976859109 a prime number?
True
Is 46696481389 composite?
False
Is 21371717 prime?
True
Is 1605870361 composite?
False
Is 52721579159 a composite number?
False
Is 633787787 prime?
True
Is 17189659349 a composite number?
True
Is 1896150769 prime?
True
Is 10557644281 prime?
True
Is 15069310579 a composite number?
True
Is 66893754131 prime?
True
Is 1517526163 prime?
False
Is 3447558347 a prime number?
True
Is 214771648006 a prime number?
False
Is 1423111421 prime?
False
Is 1498318697 prime?
False
Is 967598773 prime?
False
Is 343278419 a composite number?
True
Is 3615595873 a composite number?
False
Is 142382001253 composite?
False
Is 235952093 prime?
False
Is 5366229157 a composite number?
True
Is 1353408971 a prime number?
True
Is 7812906197 composite?
True
Is 7248608993 a composite number?
True
Is 465104081 a prime number?
False
Is 5385730907 prime?
True
Is 37212025603 a composite number?
False
Is 12884579977 composite?
True
Is 32698921093 a composite number?
True
Is 1799733457 a prime number?
True
Is 415040819 prime?
False
Is 4338960877 prime?
True
Is 5378627491 a prime number?
False
Is 13324141739 a composite number?
False
Is 7681455193 a composite number?
True
Is 1071820667 a prime number?
True
Is 12669190987 composite?
False
Is 76456394057 prime?
True
Is 7079403241 prime?
False
Is 11677568111 prime?
False
Is 376524872719 a prime number?
True
Is 31221577469 prime?
False
Is 1072619299 a prime number?
False
Is 88206479 a composite number?
True
Is 41547424559 prime?
False
Is 1018903238 a prime number?
False
Is 8913604267 a prime number?
True
Is 3465423989 a composite number?
False
Is 17858091287 a prime number?
False
Is 130397417 a prime number?
True
Is 20194372447 a composite number?
True
Is 6832229501 composite?
True
Is 1374342661 composite?
True
Is 60809038 a prime number?
False
Is 30433720831 prime?
True
Is 592539707 a prime number?
False
Is 19004902711 prime?
True
Is 4195860119 composite?
True
Is 4964612231 composite?
True
Is 9666293383 a composite number?
False
Is 5823300073 a composite number?
False
Is 53403677537 prime?
False
Is 121352405 a composite number?
True
Is 13115089947 prime?
False
Is 11166813989 composite?
True
Is 6262791445 a prime number?
False
Is 32609201531 prime?
True
Is 484005413 prime?
True
Is 107051981203 prime?
True
Is 116726174 a prime number?
False
Is 6841982471 prime?
True
Is 16987457329 prime?
True
Is 11074776527 a prime number?
True
Is 396844993 composite?
False
Is 130967055383 composite?
False
Is 1409369539 composite?
True
Is 2001580253 prime?
True
Is 1004173543 a composite number?
True
Is 10583217869 prime?
False
Is 3440764013 composite?
True
Is 33546130061 prime?
True
Is 18891932197 a composite number?
True
Is 10862563661 a composite number?
True
Is 219114520759 composite?
False
Is 2219419417 a composite number?
True
Is 42807107039 prime?
False
Is 1574826103 a composite number?
True
Is 27665303703 composite?
True
Is 706919659 composite?
False
Is 16696213 a prime number?
False
Is 16074177017 prime?
True
Is 234548953 a composite number?
True
Is 133292936159 a composite number?
False
Is 7226824589 prime?
True
Is 549502973 a composite number?
False
Is 866948281 composite?
False
Is 260587289 a composite number?
True
Is 15617231153 a prime number?
True
Is 7944059589 a composite number?
True
Is 984780061 composite?
False
Is 42969516703 a prime number?
True
Is 5111919719 prime?
True
Is 14607951679 a composite number?
False
Is 343329473 composite?
True
Is 4805213681 a prime number?
True
Is 142171413401 composite?
True
Is 20314544447 a composite number?
False
Is 50546674091 a prime number?
True
Is 11167442842 a composite number?
True
Is 3369108343 prime?
False
Is 20414595403 composite?
False
Is 1091677453 composite?
False
Is 1656788537 prime?
False
Is 357057499 composite?
False
Is 2190156791 a prime number?
False
Is 1130012257 a composite number?
True
Is 8721475835 a composite number?
True
Is 840734747 a composite number?
False
Is 2968341609 a prime number?
False
Is 2040046403 prime?
True
Is